q(i) = -i**3 + 98*i**2 + 335*i + 341. Is q(98) a prime number?
False
Let x = -202 + 209. Let o(b) = 17*b**2 + 12*b - 16. Is o(x) a prime number?
False
Let j = 1079 - 533. Let z = 116 + j. Is z a composite number?
True
Suppose -5*s - 2*j + 802193 = 0, 5*s - 802211 = -15*j + 16*j. Is s a composite number?
False
Is (-62 + 59)/(3/(-76649)) a prime number?
True
Suppose -115*q - 3935544 - 663357 = -124*q. Is q prime?
True
Suppose 447 = 4*j - l + 1894, -3*l = 2*j + 741. Suppose -9*q - 602 = -8*q. Let b = j - q. Is b a prime number?
True
Suppose 5*w - 5924 = -5*h + 4301, -3*h + 6123 = -3*w. Let q = 4696 - h. Is q a prime number?
False
Let p = -201 - -199. Is 5412 + (-2 - (p + 5)) composite?
False
Let u(x) be the third derivative of -x**5/60 - x**4/3 + 2*x**3 + 9*x**2. Let c be u(-9). Suppose 0 = c*q - 1367 + 20. Is q a prime number?
True
Suppose 4*f - 127304 = -3*n + 2311361, -3*f + 1828974 = 5*n. Is f a prime number?
True
Suppose 10*v - 417838 = 2771723 - 165931. Is v composite?
True
Suppose p + 3*p - 67180 = -0*p. Is p composite?
True
Let v(a) be the second derivative of 9*a**4/2 + a**2/2 - 104*a. Let u be 0/6 + (1 - 0). Is v(u) composite?
True
Let t(i) be the second derivative of -i**4/12 - 5*i**3/3 + 13*i**2 + 36*i. Let m be t(-12). Suppose 4*n = m*h + 3004, -751 = -5*n + 4*n - 5*h. Is n prime?
True
Let t(m) = -80*m + 130 + 19*m - 77 - 82. Let c = -7 + -11. Is t(c) a composite number?
False
Let h(p) = 50*p**2 + 45*p + 1. Is h(-42) prime?
True
Suppose 3*m + 1894 = -2*g, 5*g + 2*m + 4753 = -m. Let i = g - -2166. Is i a composite number?
False
Let y(c) = -151*c - 14. Suppose -2*b + 4 = -6. Suppose -5*j + b*u - 57 = -j, 5*j + 62 = -3*u. Is y(j) a composite number?
False
Let y = -190170 - -317131. Is y a composite number?
False
Is 537401*(0/(-4) + 1) prime?
True
Suppose 1695635 = 16*q - 789629. Is q a composite number?
True
Suppose -4*j = 4*s - 367092, 275355 = 3*j - 21*s + 18*s. Is j prime?
False
Suppose -124 = -4*s + 3*t, -s + 3*t = 4*t - 24. Let d(r) = -2*r**3 + 57*r**2 + 20*r + 41. Is d(s) prime?
False
Let h(t) = 2*t**2 + t - 2. Let l be h(1). Suppose -4*s + 7 = -l. Suppose -3*v - 4*f + s*f = -3201, f = -3*v + 3204. Is v a prime number?
True
Let w be (-3)/4*81136/(-4). Let g = w - 8357. Suppose -60*a + g = -56*a. Is a prime?
False
Let r be ((-825)/60 + 13)/((-2)/8). Is -683*7/(-21)*r composite?
False
Let b be 8/20 + (-113)/(-5). Let w = b + -21. Is (642 - -2) + (5 - w) prime?
True
Suppose -4*u = -389*c + 393*c - 50848, 3*u = -3. Is c composite?
False
Suppose -254 = -4*k + l - 53, 3*k + 5*l = 122. Suppose -47*w = -k*w + 9722. Is w composite?
False
Let z = -2143 - -4038. Suppose -z = -11*i + 206. Is i a prime number?
True
Let w be (-22)/(-12) - 7/(-42). Let y(b) = -11*b - 2 + 32*b**w - 5*b**2 - 8*b**2 - 39. Is y(-9) a composite number?
False
Is -1*(-14 - (1577964 + 11)) a prime number?
False
Let g = -287 - -284. Let m(z) = -32*z**3 + 2*z**2 - 3*z - 2. Is m(g) composite?
True
Let l(r) = 32*r**3 + 2*r**2 + r + 22*r**3 + 48*r**3 - 6*r**2. Is l(3) prime?
False
Suppose 0 = 18*q + 73150 + 105806. Let h = -3755 - q. Is h composite?
True
Let k(s) = 6*s**3 + 40*s**2 - 1612*s + 99. Is k(35) a composite number?
True
Suppose -5*f - 32 = -4*n, 3*f - 8 = 5*f. Suppose 2*i - 4950 = 3*w - w, w + 7417 = n*i. Is i a composite number?
True
Suppose 14*j - 153 = -37*j. Suppose j*o + 204118 = 4*r, 38966 = r - o - 12063. Is r prime?
True
Let h be (-2 - -3) + -3 - -14. Suppose 643*n - 655*n + 24 = 0. Is (1 - n)*1 + 189*h a composite number?
False
Let s = 1024147 + -726126. Is s composite?
False
Let p(g) = -7*g**3 - 9*g**2 + 6*g - 6. Let t = 30 - 35. Let z(b) = -8*b**3 - 10*b**2 + 5*b - 7. Let d(l) = t*z(l) + 6*p(l). Is d(-8) composite?
True
Is 2/((-6732972)/480927 + 14) a composite number?
False
Suppose -5*k = 5*u - 196700, -22*u = -26*u + k + 157365. Is u a prime number?
True
Let v = 7 + -4. Let i(t) = 2*t**2 - 7*t**2 + 4*t**2 + 0 - 1424*t**v - 2*t - 2. Is i(-1) composite?
False
Suppose 0 = -106*j + 117*j - 9482. Let o = 258 - -351. Suppose -o = -c + j. Is c prime?
True
Let p = 140 + -138. Suppose 2*m = b + 4303, -4*m - p*b + 8658 = 40. Is m composite?
False
Suppose 3*l = -5*p + 3024, -l + 8*p - 3*p + 988 = 0. Suppose 5*r - 1227 - l = 0. Is r a prime number?
False
Let v(h) = -140*h**3 - 23*h**2 + 33*h + 193. Is v(-10) prime?
False
Let s(t) = t**3 + 2*t**2 - 2*t. Let r be s(-2). Suppose -r*k = -5*u - 59, -13 = -2*k - 2*u + 3. Suppose -k*o + 222 = -9*o. Is o composite?
True
Let s = 151 + -46. Let l = s - -513. Let f = -325 + l. Is f a composite number?
False
Suppose -45*y + 47*y - 271764 = v, -2*v + 543520 = 4*y. Is y a composite number?
True
Let v = -178 + 197. Let f(x) = x**3 - 18*x**2 + 19*x + 59. Is f(v) prime?
False
Let n = 143 + -2. Let y = n + -140. Is (-30)/(-4)*(y + (-175)/(-15)) a prime number?
False
Let v be (-1 - (3/(-6) + -1))*6. Suppose -1110 = 4*n - s + 1406, -5*s = v*n + 1864. Let b = n + 2171. Is b prime?
True
Let m(o) = o**2 + 9*o + 8. Let v be m(-8). Let i be 33/(-11)*(-1 - v). Suppose -760 - 575 = -i*b. Is b composite?
True
Suppose 5*l - 20 - 5 = 2*d, 4*d - 5*l + 45 = 0. Let a be (-4)/(d/5) - -422. Let y = -293 + a. Is y prime?
True
Let h = -1970 + -747. Let r = -1614 - h. Is r composite?
False
Let l = 94 + -92. Suppose 4*c - 9097 = 3*d + 19194, l*c + 4*d - 14118 = 0. Is c a prime number?
True
Suppose 5*i + 8*g = 3*g + 406680, g = 5. Is i prime?
True
Let n be (-8)/16*0/(-3). Suppose -m = 4*p + 4*m - 1636, n = -3*p + 2*m + 1227. Is p composite?
False
Suppose -4*u - w + 218688 = 0, u + 2*w - 42883 = 11796. Is u a prime number?
False
Let k be (1 + 4 + 109)*(-2)/3. Let h = k - -81. Suppose -2*j - o + 6413 = 0, -j - h*o - 734 = -3954. Is j a composite number?
True
Let n(w) = 4*w**3 - 2*w - 2. Let m(o) = 5*o**3 + o**2 - 2*o - 3. Let s(l) = -3*m(l) + 4*n(l). Let d be s(4). Suppose -6755 = 2*q - d*q. Is q a composite number?
True
Let i(z) = -2*z**3 - 33*z**2 - 46*z - 9. Let v be i(-21). Suppose -120*u + 126*u - v = 0. Is u a composite number?
False
Let r(x) = 261*x + 61. Let l be r(6). Let s = l - 906. Is s a composite number?
True
Suppose 92 - 12 = 16*y. Suppose 0 = -3*i + k + 7559, -y*k + 159 = 2*i - 4903. Is i a composite number?
False
Let m = 1196 + -2467. Let z = m - -1800. Is z a composite number?
True
Let k(i) = -2*i + 36*i**2 + 11 + 543*i**2 - 19. Is k(-3) a prime number?
True
Let k = 42457 - -29386. Is k composite?
False
Let p = -15 - -8. Let m(n) = -107*n - 76. Is m(p) composite?
False
Let a(s) = -2*s**3 - 3*s**2 + 8*s + 11. Let r be a(-3). Suppose 13*j - r*j + 1157 = 0. Is j a composite number?
True
Let g(n) = -n - 1. Let f(j) = 4701*j - 30. Let b(s) = f(s) + 2*g(s). Is b(9) composite?
True
Let u(h) = -11*h**3 - 3*h**2 + 8*h - 3. Let v be u(2). Is (95554/6)/(v/(-261)) composite?
False
Let u be (8/5)/((-4)/(-30)). Suppose -14*l = -u*l. Is (l - 2) + (1008 - -13) composite?
False
Let g(w) = 327*w + 3. Let q be g(1). Let o = 305 + q. Suppose 3*t + 127 = k, 5*k + t - o = 4*t. Is k prime?
True
Suppose 208*n - 179084 = 204*n. Is n composite?
False
Is 259030/4*(-54)/(-135) a prime number?
True
Suppose 14*k - 102079 - 886167 - 1869616 = 0. Is k a composite number?
False
Let h = 327 + -177. Let k be (11 + -20)/((-2)/h). Let o = k - 470. Is o composite?
True
Let n = -25083 + 103510. Is n composite?
False
Let i = 33 - 31. Suppose -2*w + w = -i*o + 120, 2*o = -2*w + 126. Suppose -4*z - 16 + 128 = 5*k, 0 = -3*z + 2*k + o. Is z prime?
True
Let y(m) be the second derivative of -m**5/20 - m**4/3 + 4*m**3 + m**2/2 - 34*m. Let c be y(-7). Let q(o) = -91*o + 21. Is q(c) composite?
True
Let h(m) = 26*m + 43. Let t(b) = 27*b + 44. Let a(p) = -6*h(p) + 5*t(p). Suppose 43 = 4*i - 9*i - 4*v, -3*i - 31 = 5*v. Is a(i) a prime number?
True
Let k be ((-2)/(-5) - 1) + 469/(-35). Is (5/35 + 79/k)*-2474 composite?
True
Let h(l) = -8*l**3 - 9*l**2 + l + 8. Let z be h(-7). Let t be (-1 - (-409)/(-2))*484/66. Let a = z + t. Is a a composite number?
False
Let b(u) be the first derivative of -u**3/3 + 3*u**2 + 47837*u - 162. Is b(0) composite?
False
Suppose -11*q + 113119 = 3*q - 337639. Is q a prime number?
False
Let g = 4058 - -1116. Suppose 0 = 8*d - g - 8306. Is d prime?
False
Suppose -8*o + 3*o = -25. Suppose 182 = -5*u + 4*d + 7169, -2*u + 2788 = -o*d. Suppose 5*f - 136 - u = 0.